*3 - 10*o**2 + 8*o + 3. Let r be f(-11). Let h = r - -39. What is the highest common divisor of h and 25?
25
Let g be (1900/60)/(1/(-6)). Let c = -86 - g. What is the highest common divisor of 26 and c?
26
Let w = 2 - -6. Let k = 903 + -902. What is the highest common divisor of w and k?
1
Let r(b) = -3 + 8 - 2*b**2 + b**2 + 3*b. Let y be r(3). Suppose 4*v + y*w - 787 = 0, 161 = -4*v - w + 952. What is the highest common factor of v and 18?
18
Suppose -8450 = -33*n + 7*n. Calculate the highest common factor of n and 65.
65
Let t = -8 - -73. Let o = 89 - t. Calculate the highest common factor of o and 40.
8
Let k(b) = -b**2 - 6*b - 1. Let o = -5 + 1. Let v be k(o). Suppose 14*j - 280 = 4*j. What is the greatest common divisor of v and j?
7
Let d be ((-296)/(-20))/(2/5). Let p = 41 - d. What is the greatest common factor of 1 and p?
1
Suppose 2*f - 674 - 76 = 0. Calculate the greatest common divisor of 30 and f.
15
Suppose -3*w - 5*g + 1 = 0, 3 = 4*w + 4*g - 1. Let t be (-68)/(9/3 - w). Let s be -1 + -3 + 6 - t. What is the highest common divisor of 7 and s?
7
Suppose 0 = -7*i + 55 + 1. Let o(g) = 6*g - 16. Let l be o(i). What is the highest common factor of 224 and l?
32
Let v = 36 - 32. Suppose v*j - 8 = -4*z + 24, 6 = -3*j. What is the greatest common factor of 70 and z?
10
Suppose 32*i = 30*i + 264. Suppose 2*x + 2 = 26. Calculate the greatest common divisor of i and x.
12
Let o(v) = v**3 - 3*v**2 + 62*v - 22. Let y be o(7). Calculate the highest common factor of 128 and y.
32
Suppose 4*d - 35 = -d. Let t = 17 - d. Let j = -145 + 175. What is the highest common factor of j and t?
10
Let h = 31 + -25. Let i = h + 1. Suppose i*w - 19 = 100. Calculate the highest common divisor of 17 and w.
17
Suppose -22*v = -79 - 669. What is the highest common divisor of 986 and v?
34
Let j = -33 + 32. Let w be (-1 - j)/(-1) + 11. What is the greatest common factor of 22 and w?
11
Let u = 78 - 42. Suppose 41*g = 1136 + 1078. Calculate the greatest common divisor of g and u.
18
Suppose -2 = -n - 3*q + 2, -q - 6 = n. Let c be (60/(-33) - -2) + (-790)/n. What is the highest common factor of c and 16?
8
Let n(j) = 7*j - 2. Let w be n(5). Suppose 0 = -11*k + 7*k + 244. Let g = 64 - k. Calculate the greatest common divisor of w and g.
3
Suppose -5*i - 190 - 215 = 0. Let m = 552 + -391. Let w = i + m. What is the greatest common divisor of 10 and w?
10
Let w(s) = s**3 + 4*s**2 - 7*s - 3. Let q be w(-5). Let g be (2/(-3))/(73/(-3066)). What is the greatest common divisor of g and q?
7
Suppose 3*v - 183 = -3*k, -4*v = -4*k + 7*k - 180. What is the greatest common divisor of k and 20?
4
Suppose 2*f - 6*f + 440 = 0. Let d(m) be the second derivative of m**4/12 + 3*m**3/2 + m. Let u be d(-10). What is the highest common factor of f and u?
10
Let f(q) = 3*q**3 + 5*q - 4. Let s be f(2). What is the highest common divisor of s and 570?
30
Let w(b) = 4*b - 7. Let u(p) = -p. Let t(f) = -2*u(f) - w(f). Let l = -10 + 7. Let z be t(l). Calculate the greatest common divisor of 13 and z.
13
Let w(k) = k**2 - 38*k - 156. Let g be w(43). Calculate the greatest common divisor of 944 and g.
59
Let k be -8 - -9 - (-159)/(-6)*-2. What is the greatest common factor of k and 378?
54
Suppose 14*y = 13*y - 18. Let r = -13 - -2. Let i = r - y. What is the greatest common divisor of 7 and i?
7
Let l = 58 + -62. Let j be 9/(15/(-200)*l). What is the highest common factor of j and 40?
10
Let h be (7 + -28)/7 - -115. What is the highest common factor of 21 and h?
7
Suppose 5*n - 28 = 52. Suppose 15 = -5*w, 3*z + 4*w + 48 = 5*z. Suppose 3*t = -z + 42. Calculate the greatest common factor of n and t.
8
Let d be 4*1 - (8 + -6). Suppose n - 6*n = 3*l - 62, n - 32 = -d*l. Suppose -5*o = -l - 116. What is the highest common divisor of 13 and o?
13
Let m be 14*(-5)/35*(-1 + -1). Let o be 363/12 + 1 + (-5)/m. What is the highest common factor of 15 and o?
15
Let g be (0 + 6/1 - 6) + 6. What is the greatest common divisor of g and 63?
3
Let y(i) = 30*i**2 + 7*i - 6. Let r be y(1). Let z be 31*-2*(-26)/13. What is the highest common divisor of r and z?
31
Suppose -4*r = -4973 + 1857. Calculate the highest common factor of r and 19.
19
Let h be (-2 - (-28)/8)*2. Let q = 4 - h. Let z = q - -62. What is the highest common divisor of 7 and z?
7
Let p(t) = t**2 - 14*t + 3. Let r be p(14). Suppose -r*v + 49 = -116. What is the greatest common factor of 11 and v?
11
Let p(t) = 8 - t - 2*t + 2*t. Let w be p(6). Suppose -17*q + 1920 - 1648 = 0. Calculate the highest common factor of q and w.
2
Let h(d) = -d**2 - 22*d + 11. Let g be h(-8). Calculate the highest common divisor of g and 82.
41
Let r(u) = 17*u**2 - 103*u + 24. Let b be r(13). What is the highest common factor of b and 19?
19
Let q be (3 + (-1 - 3))*-3. Let g = 545 - 544. Calculate the greatest common divisor of g and q.
1
Suppose 0*l - 198 = -5*d + l, 5*l = 5*d - 190. Let n = 70 + -34. Let p be (n/60)/((-1)/(-15)) - -1. Calculate the highest common factor of p and d.
10
Suppose -3*o - 5*a + 106 = 0, 5*a + 223 = 5*o - 7. Calculate the greatest common divisor of 231 and o.
21
Suppose 3*s - 3 = 0, 195 = 4*g + 3*s + 72. Calculate the greatest common factor of g and 150.
30
Let j be 1*(-6)/(-12)*(677 - -5). What is the highest common divisor of 31 and j?
31
Let g(k) = k**2 - 35*k + 132. Let w be g(32). Calculate the highest common divisor of w and 10.
2
Suppose 0 = v - 97 + 7. What is the highest common factor of v and 40?
10
Let c be 3/(-12) + 26/8. Let t = 5 - c. Suppose 18 = l + t*l. What is the highest common factor of l and 42?
6
Let x(t) = 2*t**3 - 83*t**2 + 43*t + 16. Let q be x(41). Calculate the greatest common factor of q and 637.
49
Let i be 175/700*1*16*4. Suppose -96 - 48 = -d. What is the greatest common divisor of d and i?
16
Let j(t) = 61*t + 13. Let k be j(3). What is the greatest common factor of 28 and k?
28
Suppose 0 = -17*p + 13 + 123. Suppose -2*g - 5*j + 127 = 0, 5*g - 2*j = -0*j + 274. Calculate the highest common factor of p and g.
8
Let q(s) = s**2 + s - 17. Let o be q(0). Let j = -11 - o. What is the highest common divisor of 12 and j?
6
Let u(v) = -135*v. Let j be u(-5). Let k = j - 424. Suppose 3*r + k - 1010 = 0. Calculate the greatest common factor of 23 and r.
23
Let p be (-1)/(-3) - (-20)/12. Suppose -x - 2 = p*a - 0*a, 3*x + 3*a = 0. Let m be x + 102/((-9)/(-3)). What is the highest common divisor of 12 and m?
12
Let y be (-21)/28 + 30/8 - -1. Suppose y*k - 5*k + 6 = 0. Calculate the highest common divisor of k and 24.
6
Let s be (-141)/(-4) - (-12)/16. Let b = -8 - -8. Suppose -2*x = 5*d - 0*x - 454, b = 3*d + x - 272. What is the greatest common factor of d and s?
18
Let q = -485 - -343. Let j = 56 - q. Calculate the highest common factor of j and 22.
22
Let s be (2 - 1)/(3/9). Let l(z) = -z + 1. Let y(v) = -89*v + 1. Let w(c) = -2*l(c) - y(c). Let q be w(s). What is the highest common factor of q and 27?
27
Let d be (9 + (-6)/(-2))/((-11)/(-66)). Calculate the greatest common divisor of d and 234.
18
Suppose -164*x + 294 = -157*x. Calculate the highest common factor of x and 154.
14
Let z = 0 + 0. Let c be (1 - z)*0 + 125. Let a(b) = 24*b + 2. Let l be a(2). What is the highest common factor of l and c?
25
Let j(l) = 3*l**2 - 4*l - 10. Let w be j(-6). Calculate the greatest common factor of w and 2.
2
Let r be ((-171)/38)/((-1659)/552 + 3). What is the highest common factor of r and 36?
36
Let u(n) = 5*n**2 - 36*n - 65. Let k be u(17). What is the highest common divisor of k and 6?
6
Let u = 11 - -3. Suppose -4*d = -m - 211, d + 4*m - 59 = -2. Let k = 67 - d. What is the greatest common factor of k and u?
14
Suppose -56*r = -431 - 1137. What is the greatest common factor of r and 3?
1
Suppose -2*c = -4*c + 90. Let x = c + -15. What is the greatest common divisor of x and 10?
10
Suppose 5*y - 34 = 36. Let p be 222/4 + 1/2. What is the highest common divisor of y and p?
14
Let b = 75 - 71. Suppose -2*f + 18 = 2*i - 4*i, b*i - 68 = -4*f. Calculate the highest common divisor of 13 and f.
13
Let l(k) = -2*k**2 + 6*k - 6. Let g be l(5). Let n be g/(-91)*(-1 + 8). What is the highest common factor of n and 5?
1
Let u(n) = -3*n**3 - n**2 + 3*n + 12. Let r be u(-2). Calculate the highest common divisor of r and 130.
26
Sup